 = 6*k**3 + 24*k**2 + 14. What is the tens digit of b(-4)?
1
Let p = -6231 - -9513. What is the thousands digit of p?
3
Suppose -73*u = -1542746 + 380294. What is the units digit of u?
4
Let d(f) = -2*f**2 + f + 1. Let r(s) = -s**3 + 4*s**2 + 3*s + 12. Let g be r(5). Let m be d(g). What is the units digit of m*(24/(-20) + -1)?
1
Suppose 2*z = 7*q - 2*q + 371, -5*q = 4*z - 817. What is the units digit of 14/((-336)/z)*-132?
9
Let v = 176 - 171. Suppose -5*q + 1081 - 81 = 5*o, -v*o - 4*q + 1003 = 0. What is the hundreds digit of o?
2
Let l(w) = 30*w + w**2 - 69 + 151 + 113 + 58. What is the units digit of l(-42)?
7
Let i be 2/(-3)*(-165)/(-22). Let t(w) = 15*w**2 + 19*w + 36. What is the units digit of t(i)?
6
Suppose -3*b = 3*y - 66633, -22175 = -y - 82*b + 87*b. What is the ten thousands digit of y?
2
Let u = 379 + -375. Suppose 4*a = 2*a. Suppose a*m + m - 87 = -u*w, -4*m - w + 273 = 0. What is the units digit of m?
7
Let d = -15565 - -30141. What is the units digit of d?
6
Let k = -270 + 347. Suppose q = -4*b + 169, -101 - k = -q + 5*b. What is the hundreds digit of q?
1
Suppose -3*a + 4*d = 2*d + 6, -5*d = -a + 11. Suppose 4*y + 3*o = -0*o + 87, y - 3*o - 33 = 0. What is the tens digit of (-55)/a + y/96?
1
Suppose -q - 5*m - 12 = 5, -q = 2*m + 8. Let r be (9 + -46)*(q + 5). What is the hundreds digit of 1 + (4 - r) + 2 + 2?
1
Let n be -1*(2 + 1 - -4). What is the units digit of 57*n/(21/(-5))?
5
Suppose -a + 5*w = -10090, -a - 4*w + 1093 = -9006. What is the tens digit of a?
9
Suppose -3*z = 2*b - 27757, 37011 = 21*z - 17*z + b. What is the units digit of z?
3
Let z(q) = 7*q**3 - 14*q**2 - 68*q + 727. What is the thousands digit of z(11)?
7
Suppose r - 2*t - t = 735, 5*t + 2926 = 4*r. Let o = r - 417. What is the units digit of o?
2
Suppose 75*w - 74*w - 24 = 0. What is the hundreds digit of (3 - 1377/6)*w/(-18)?
3
Suppose 5*p - 225 = -4*p. Suppose -2*d - k + p = 0, 0 = d - 0*d + 2*k - 14. Let s = d + 34. What is the units digit of s?
6
What is the hundreds digit of ((-205655)/60)/((318/(-72))/53)?
1
Suppose 55*m = 59*m - 1956. Suppose f = m + 305. What is the hundreds digit of f?
7
Suppose -2*u = -3*z - 2, -9*z = 3*u - 4*z - 41. Let m be 3/4 + u*(-3)/12. What is the units digit of 208 + m/2*4?
6
Suppose -3*a = -d - 539, -7*d + a = -6*d + 531. Let t = -422 - d. What is the units digit of t?
5
Let p be (-16)/(-12)*117/12. Suppose 5236 = -6*o + p*o. What is the hundreds digit of o?
7
Suppose -2*y + 114 - 462 = 0. Let q = 29 - y. What is the tens digit of q?
0
Let i be -6 + 393*2/3. Let n = 775 - i. What is the hundreds digit of n?
5
Let h be (190/(-100) - 2/20)*-410. What is the units digit of (198/12)/(-3*(-5)/h)?
2
Let w(b) = -b**3 - 19*b**2 - 20*b + 7. Let a be w(-16). Let v = a - -1172. What is the hundreds digit of v?
7
Suppose -10*f + 11*f - 10506 = -3*i, 0 = 4*f - 3*i - 42084. Suppose -20*l + 17082 = -f. What is the hundreds digit of l?
3
Let w(q) = 3335*q**3 - 2*q**2 - 11*q + 20. Let r be w(2). Suppose -13*c = -48*c + r. What is the tens digit of c?
6
Suppose -8*t + 17*t = -351. What is the tens digit of 1*371 + 234/t?
6
Suppose -5*s + 4*s + 4*y = -527, -2*s = -5*y - 1063. Suppose -743 = -8*n + 353. Suppose 6*z = s - n. What is the tens digit of z?
6
Let m = 8285 - 7579. What is the units digit of m?
6
Suppose -4*l + 4*o = -194812, -16*o + 97430 = 2*l - 21*o. What is the units digit of l?
5
Suppose -71 = -15*k + 49. Suppose -k*s = 3*s - 11539. What is the units digit of s?
9
Let r be (-8)/(16/(-6)) + 0. Suppose -5*i + 2*d = -565, 8 - r = -d. Suppose -i*z = -114*z + 366. What is the tens digit of z?
2
Let d(p) = 28*p**3 + p**2 - 28*p + 100. What is the units digit of d(5)?
5
Suppose -3325 = -5*z - 0*z. Suppose -5*k = 4*s - 1654, s + 2*k + 253 = z. What is the units digit of s?
6
Let w = -195 - -267. What is the thousands digit of (w/15)/((-93)/(-22630))?
1
Let i(s) = s**3 + 34*s**2 + 35*s + 68. Let u be i(-33). Suppose 2*m - u*z - 11 = m, -2*m - 4*z = -54. What is the tens digit of m?
1
Let i be (-44)/(-24) - 4/(-24). Suppose -3*r = i*p + 224 - 1322, -2*r - 4*p = -740. What is the hundreds digit of r?
3
Let i be ((-3)/2)/(21/154). Let o(u) = 3*u**3 + 11*u**2 - 587*u - 23 + 580*u - 2*u**3. What is the tens digit of o(i)?
5
What is the hundreds digit of (-78 + -1 + (-5 - -6))*-122?
5
Let m(b) = b**3 - 46*b**2 - 27*b - 108. Let d be m(46). What is the tens digit of 3/((-1)/d*6)?
7
What is the hundreds digit of (-151719342)/(-2844) - 10/(-12)?
3
Let x = -17 + 83. Let a be x + 5/(-2)*(-66)/55. Let y = 55 + a. What is the hundreds digit of y?
1
Suppose 0 = 3*k + x - 52 + 8, x = 2. Suppose -k - 1 = 3*m, -59 = -q - m. What is the tens digit of q?
6
Suppose 153112 = 6*w + 4*l, -3*w = 5*l - l - 76546. What is the hundreds digit of w?
5
Let l = 10254 - -19838. What is the tens digit of l?
9
Suppose 5502 = 3*w - 4*q, -2*w - 2*q + 3691 = 3*q. Suppose 20 = 5*k, -w = -5*b + k - 3*k. Let d = b - 223. What is the hundreds digit of d?
1
Let f be 44/20 - 4/(-5). Suppose -h = -f*w + 14 - 86, 0 = 4*h + 2*w - 232. Suppose -h*y - 1012 = -64*y. What is the tens digit of y?
5
Suppose -10 = 2*o, r + o + 20 = 18. Suppose 710 = 4*f - 5*u, 2*u + r*u = 2*f - 360. What is the hundreds digit of f?
1
Suppose -3*n + 97023 = 5*f + 11913, -4*n = f - 113446. What is the hundreds digit of n?
3
What is the tens digit of (-60)/(-48) + 38782/8 + -2?
4
Suppose -44382 = -11*p + 6768. What is the tens digit of p?
5
Suppose 7*z + 720 = 22*z. Suppose 4*k = -3*o + z, 3*o + o - 5*k - 95 = 0. What is the tens digit of 4 + o/(-5) + 33?
3
Suppose 5 = q, 4 = -7*d + 11*d - 4*q. Let j be -3 + (-4)/4 + 9. Suppose -2*c = y - 63, -j*c - 255 = -d*y + y. What is the tens digit of y?
5
Let t = 27210 + -10001. What is the ten thousands digit of t?
1
Let d = -11 + 16. Suppose 56 + 305 = t - y, 2*t - d*y = 722. What is the hundreds digit of t?
3
Let d = 142 + -144. What is the units digit of d*4/4 - -351?
9
What is the units digit of (-24)/10*2435380/(-789)?
8
Let l(z) = 1445*z - 1164. What is the tens digit of l(6)?
0
Suppose -132 = -5*n + 15038. What is the units digit of 1/5 - n/(-5)?
7
Suppose 7*f = 2*f + 20. What is the hundreds digit of 325156/780 - f/(-30)?
4
Let x(h) = 9*h - 22. Let m be x(3). Suppose 0 = 5*l - 4*y - 42, -m*l + 33 = -2*l - 5*y. Suppose -l*j = 118 - 688. What is the units digit of j?
5
Suppose 0 = 2070*w - 2018*w - 453343 - 962461. What is the tens digit of w?
2
Suppose 66260 + 18449 = 29*g. What is the thousands digit of g?
2
Suppose 3*l = -g + 1406, -6*l - 949 = -8*l - 3*g. Let k = 1000 - l. What is the hundreds digit of k?
5
Suppose 0 = -p + 1 + 4. Suppose -p*y + 2077 = -g, -12*y - 3*g - 836 = -14*y. What is the tens digit of y?
1
Let u = -21141 + 39396. What is the hundreds digit of (u/(-2))/3*300/(-750)?
2
Let o(w) = 2*w**2 - 5*w + 9. Let p be o(2). Suppose -92 = p*k - 10*k - 2*l, 86 = 3*k + 5*l. Let m = k - -90. What is the units digit of m?
2
Let m(x) be the second derivative of 9*x**5/20 + x**4/6 - x**3/6 + 3*x**2/2 - 305*x. Let u(y) = -y**2 + 4*y + 2. Let k be u(4). What is the units digit of m(k)?
1
Suppose -18*d = 2*g - 13*d - 3511, 0 = g + 3*d - 1758. What is the units digit of g?
3
Let f(o) = 393*o**2 - o + 1. Suppose l - 3 = -0*l + 2*c, l - c - 2 = 0. What is the hundreds digit of f(l)?
3
What is the thousands digit of 2/2*(-1141695)/(-81)?
4
Let a = -40800 - -60009. What is the tens digit of a?
0
Let b(p) = -39*p**2 + p. Let c be 4/(-18) + (-122)/18 + 6. Let k be b(c). Let w = k - -55. What is the units digit of w?
5
Let g(w) be the first derivative of w**6/90 - w**5/40 - 13*w**4/24 - 41*w**3/3 + 19. Let u(p) be the third derivative of g(p). What is the tens digit of u(6)?
1
Let n(p) = -441*p + 331. What is the hundreds digit of n(-19)?
7
Suppose 13*v = 14*v - 94. Let k = 489 - v. What is the tens digit of k?
9
Suppose -4*w = -2*d + 4, -8*d + 7*d = -4*w - 2. Suppose 5*a - 2*a = d*b + 321, 0 = -5*b + 15. What is the units digit of a?
9
Suppose -24*a + 25494 = -5193 - 13737. What is the hundreds digit of a?
8
Let i = 4693 + -2214. Suppose -6*a + i - 337 = 0. What is the tens digit of a?
5
Suppose -y + 5*b = 4*y - 1825, 0 = 5*y + 3*b - 1841. Let a = -10 + y. Suppose -a = -10*i + 833. What is the tens digit of i?
1
Suppose -188*f = 161709 - 969921. What is t